b + 300 = 6*b + 5*c. Let y be (-4)/(-6) - b/d. What is the highest common factor of y and 3?
3
Let i be ((-20)/(-14))/((-2)/(-7)). Suppose -4*n = 5*v - 150, 2*v + 0*v = -4*n + 156. What is the highest common factor of i and n?
5
Let n(o) = -o**3 - 7*o**2 - o + 9. Let f be n(-8). What is the highest common divisor of 9 and f?
9
Suppose -f = -m - 58, -5*m + 318 = 5*f - 3*m. Let k = 5 + f. Suppose 2*u + 4*w - 287 = -k, 2*u - 5*w - 193 = 0. What is the highest common divisor of 13 and u?
13
Suppose -6*u + 31 + 23 = 0. What is the greatest common divisor of u and 81?
9
Let l(i) = i**2 + 15*i + 18. Let y be l(-18). What is the greatest common factor of y and 96?
24
Let s be (85 - 1) + 3 + -2. Suppose 3*t = 4*g + t - 62, -5*g + s = -5*t. What is the highest common divisor of 14 and g?
14
Suppose -2*q = -3*u - 57, 118 = 5*q - 2*q + 2*u. Calculate the greatest common divisor of 24 and q.
12
Suppose 3*s = -0*p + p - 129, -15 = -3*s. Let u = 29 + -11. Calculate the greatest common factor of u and p.
18
Let r be 2/(1 + 26/(-30)). Let x = 21 - r. Calculate the greatest common divisor of x and 3.
3
Let n(b) = -b**2 - 11*b + 19. Let g be n(-12). What is the highest common factor of 77 and g?
7
Let i = -255 - -383. Calculate the greatest common divisor of i and 16.
16
Let r(o) = 11*o. Let j be r(1). Let f be 602 + 4 + -3 + 0. Let p be f/5 - 6/(-15). Calculate the highest common factor of p and j.
11
Suppose 3*f + 2*s + 50 = 0, -5 = -f - 5*s - 0*s. Let h be (-3)/(18/f)*18. Calculate the greatest common divisor of h and 20.
20
Let c be (-5)/(15/9) + -2. Let f be -2*(-1)/c*-5. What is the highest common divisor of f and 18?
2
Let s(l) = 3*l**2 - 2*l + 0 + 4*l**2 - 4 - 3*l. Let j be s(4). What is the greatest common divisor of 22 and j?
22
Let i = -263 + 536. Let q be 3/18 - i/18. Let c = q - -54. Calculate the highest common factor of 13 and c.
13
Let n be (25 - 0)*4/10. Let w(u) = 2*u**2 - 8*u + 2. Let q be w(4). What is the greatest common divisor of q and n?
2
Suppose -10 = -2*b, -4*i - 3*b = -80 - 119. Calculate the greatest common divisor of i and 23.
23
Suppose -6*b + 50 = -94. What is the highest common divisor of 168 and b?
24
Let r(l) = l**2 - 6*l + 2. Let i be r(6). Suppose -v + i*v + 23 = x, 4*x = v + 107. Calculate the highest common divisor of x and 42.
14
Suppose 0*n - 2*n = -24. Let d(f) = 15*f - 9. Let z be d(7). What is the greatest common factor of z and n?
12
Suppose -31*t = -29*t - 20. What is the highest common divisor of t and 110?
10
Suppose 36 = 3*p - 72. Calculate the greatest common factor of p and 4.
4
Let n be (2/(-4))/((-7)/252). Calculate the highest common factor of n and 2.
2
Suppose -2*l + 4 = 3*h - 6, 0 = -4*l + h + 48. Calculate the highest common factor of 44 and l.
11
Let f(c) = -c**3 + 6*c**2 + 6*c + 10. Let r be f(7). Suppose -r*y = -4*y + 5. Suppose 0*h - 270 = -y*h. Calculate the greatest common divisor of h and 18.
18
Suppose 0*g - 60 = -4*g - p, 0 = -4*g + 4*p + 80. Calculate the greatest common divisor of g and 48.
16
Suppose 12 = 6*f - 2*f. Let h be 2 - (-2 + f - 5). Suppose -2 = 3*z - 20. What is the greatest common divisor of z and h?
6
Suppose -v = 4 - 27. Let b = v + -10. Let u = -137 + 254. Calculate the highest common divisor of u and b.
13
Suppose -2*c = 2*c - 44. Let i(m) = m**2 - 2*m - 8. Let g(q) = -2*q**2 + 2*q - 3. Let a be g(2). Let s be i(a). What is the greatest common factor of s and c?
11
Let x(q) = 7*q**2 + q. Let k be x(-1). Let v be (-1184)/(-22) + (-8)/(-44). What is the highest common factor of k and v?
6
Let m(v) = -v**2 + 14*v - 9. Let k be m(12). Suppose -4*p + 16 = 0, 0*p + 3*p = 2*l - 138. Calculate the highest common factor of k and l.
15
Let q be (0 + 3)*-2*4/(-6). What is the highest common factor of 36 and q?
4
Let m = -3 - -15. Let q(k) = 0 + k + m + 3*k. Let b be q(9). Calculate the highest common divisor of b and 6.
6
Let p be (-1)/(-3) - (-107)/3. What is the highest common factor of p and 54?
18
Suppose 5*n - 2*n = 3*k, -3*k = -2*n - 4. Calculate the highest common divisor of k and 20.
4
Suppose -4*d - 4*v = -128, 0*d - 47 = -d - 4*v. What is the highest common factor of 9 and d?
9
Suppose -3*b - 4 = 2*o + 1, -4*o + 25 = -b. Suppose 2*p + 15 = 5*c, -5*c + p = -3*p - 25. Let i = 49 + c. Calculate the highest common divisor of i and o.
5
Let c = -82 + 137. Let i be ((-32)/(-20))/(1/c). Calculate the highest common factor of i and 8.
8
Let o(t) = t**2 - 10*t + 4. Let s be o(10). Suppose -s*r - r = -65. What is the greatest common factor of r and 13?
13
Let w = 2 - 3. Let g be w - (-7)/(7/6). Suppose -g*b + 2*i + 45 = -45, -3*b = -5*i - 54. Calculate the greatest common divisor of 54 and b.
18
Let j = 1 - -2. Let i = j - -4. Calculate the greatest common divisor of i and 56.
7
Suppose 4*j = 4*a - 112, -2*j - 68 = -0*j + 4*a. Let y = 7 + -22. Let t = y - j. Calculate the highest common divisor of 30 and t.
15
Suppose h = -3*h, -3*y + 2*h + 12 = 0. Suppose -3*b = 7*o - 2*o - 28, -4*b = y*o - 24. Let t = -5 + 10. What is the greatest common divisor of t and o?
5
Suppose -4*y = -90 - 414. What is the greatest common factor of 18 and y?
18
Let o(u) = -4*u + 28. Let y be o(0). Calculate the highest common divisor of y and 182.
14
Let n = 240 + 36. Let j = -192 + n. Calculate the greatest common divisor of j and 12.
12
Let n = 14 + -11. Suppose -n*k = -5*r - 20, -k = -4*k - 4*r + 65. Calculate the highest common factor of k and 5.
5
Let d be -8*11/(-22)*(-16)/(-2). Suppose v = 2*v - 256. What is the highest common factor of d and v?
32
Suppose 2*t + t - 12 = 0. Suppose -4*q - t*g = -96, -g = -4*q - 3*g + 104. What is the highest common divisor of 14 and q?
14
Let b(s) = -s**2 - 14*s - 15. Let z be b(-11). Let j be (-3)/(0 - 2/z). What is the highest common divisor of 189 and j?
27
Let y be 1 + (-3 - -1) + 1. Suppose -2*z = -y*z - 5*f - 21, -2*z - 3*f = -29. Calculate the highest common divisor of z and 143.
13
Suppose -54 = -2*w - 6. Calculate the greatest common divisor of 264 and w.
24
Let c be 1/(-1 + 0) + 16. Suppose 22*b - 27*b = -600. What is the greatest common divisor of b and c?
15
Suppose 858 - 58 = 10*x. What is the highest common divisor of x and 10?
10
Let r be -4 + 3 - (-3)/1. Suppose -b + 41 = r*y - 0*y, -5*y + 3*b + 108 = 0. What is the greatest common divisor of y and 147?
21
Let v be (-27)/(-2)*4/6. Let x be v/(10/4 + -1). Let i be x/(-9) - (-62)/3. What is the greatest common factor of i and 8?
4
Let n = 13 - 10. Suppose -25 = -3*h - 1. Let v = h + n. What is the highest common divisor of v and 11?
11
Let z(x) be the third derivative of 0*x + 5/24*x**4 + 1/60*x**5 - 2*x**2 + 5/6*x**3 + 0. Let m be z(-4). What is the highest common divisor of 1 and m?
1
Suppose 3*h - 5*h = -20. Let c be (h/15)/((-1)/(-6)). Calculate the highest common factor of c and 1.
1
Let j be ((-72)/(-15))/(11/55). Calculate the greatest common divisor of j and 156.
12
Let y(f) = f**3 + 5*f**2 - 22*f - 4. Let i be y(-7). What is the highest common factor of i and 26?
26
Let w(m) = 7*m + 22. Let a be w(6). Suppose 3*j - 289 = -p, j + j - 196 = -4*p. Calculate the greatest common divisor of a and j.
32
Let v = 23 - 15. Let n = 10 + 2. What is the highest common factor of v and n?
4
Suppose -2*s - 13 = 21. Let m = 47 + s. What is the highest common factor of 10 and m?
10
Let p be (-5)/(4 + 1)*-3. Calculate the highest common factor of 33 and p.
3
Let a be (-27)/4*(-160)/15. Let s be (-2)/9 + 952/a. Calculate the highest common divisor of s and 39.
13
Suppose 0 = -4*t + z + 24, 3*z = -3*t + 25 + 8. Calculate the highest common factor of t and 28.
7
Suppose 29 = 4*c - 7. Calculate the highest common factor of c and 3.
3
Let r(y) = -y**3 - 3*y + y - 4 - y**2 + 3*y. Let k be r(-3). Let o = 29 + -18. What is the highest common factor of k and o?
11
Let r = 375 + -223. Suppose -4*n - 20 = -0*m - 4*m, 3*m - 4*n = 15. Suppose -m*s = -14 - 81. Calculate the highest common divisor of r and s.
19
Let b be (-3 - 3)*21/(-6). Calculate the greatest common factor of b and 105.
21
Let x(m) = 424*m**2 - 2*m + 1. Let b be x(1). What is the highest common factor of 47 and b?
47
Let s(w) = -14. Let h(u) = -u. Let v(d) = -4*h(d) + s(d). Let x be v(6). What is the greatest common divisor of x and 40?
10
Let v = -20 - -35. L